 (base 2) to base 16.
-21
What is 4 (base 14) in base 7?
4
Convert -1040 (base 5) to base 6.
-401
What is -3 (base 14) in base 10?
-3
-1 (base 15) to base 4
-1
What is 0 (base 3) in base 5?
0
Convert 5 (base 10) to base 16.
5
2 (base 13) to base 7
2
10 (base 9) to base 8
11
-b (base 15) to base 7
-14
What is -12 (base 5) in base 9?
-7
What is -2 (base 11) in base 4?
-2
-7 (base 15) to base 3
-21
Convert 3 (base 14) to base 8.
3
Convert -3 (base 10) to base 13.
-3
-194 (base 14) to base 13
-1c1
Convert -1 (base 16) to base 15.
-1
4 (base 8) to base 10
4
What is -4 (base 10) in base 7?
-4
-110 (base 3) to base 10
-12
61 (base 10) to base 4
331
Convert -2 (base 16) to base 13.
-2
Convert 340 (base 5) to base 11.
87
What is 0 (base 2) in base 14?
0
1 (base 4) to base 2
1
Convert -2 (base 11) to base 7.
-2
-7 (base 15) to base 3
-21
-244 (base 6) to base 10
-100
Convert 46 (base 8) to base 3.
1102
3 (base 7) to base 14
3
-2b (base 15) to base 8
-51
Convert -214 (base 10) to base 14.
-114
What is 1 (base 14) in base 2?
1
Convert 33 (base 14) to base 9.
50
Convert 3d (base 14) to base 13.
43
15b (base 12) to base 11
186
What is -3 (base 9) in base 15?
-3
What is -60 (base 9) in base 12?
-46
1 (base 9) to base 7
1
What is d5 (base 16) in base 8?
325
Convert c5 (base 16) to base 15.
d2
What is -12 (base 13) in base 7?
-21
Convert -1 (base 7) to base 8.
-1
What is -3 (base 15) in base 6?
-3
Convert 11100 (base 2) to base 12.
24
-17 (base 15) to base 3
-211
Convert -106 (base 8) to base 14.
-50
Convert 0 (base 9) to base 4.
0
What is -1 (base 4) in base 12?
-1
Convert 1b (base 16) to base 15.
1c
What is 3 (base 9) in base 2?
11
320 (base 5) to base 9
104
-25 (base 10) to base 8
-31
What is -5 (base 10) in base 4?
-11
-10011110 (base 2) to base 11
-134
-14 (base 9) to base 15
-d
Convert 12 (base 10) to base 6.
20
4 (base 8) to base 9
4
123 (base 13) to base 6
530
Convert 3 (base 4) to base 12.
3
Convert -2110 (base 4) to base 16.
-94
What is -46 (base 9) in base 7?
-60
Convert 58 (base 16) to base 12.
74
2 (base 5) to base 10
2
What is -3 (base 14) in base 10?
-3
Convert 221 (base 5) to base 11.
56
What is -73 (base 15) in base 5?
-413
What is 0 (base 7) in base 3?
0
Convert -9 (base 14) to base 6.
-13
14 (base 10) to base 11
13
a6 (base 12) to base 11
105
Convert 35 (base 14) to base 15.
32
Convert -20 (base 4) to base 12.
-8
Convert 305 (base 7) to base 16.
98
-189 (base 12) to base 10
-249
What is 10022 (base 3) in base 6?
225
-312 (base 8) to base 12
-14a
Convert 201 (base 3) to base 2.
10011
What is -8 (base 16) in base 15?
-8
What is -210 (base 5) in base 12?
-47
Convert 0 (base 8) to base 11.
0
What is 20 (base 5) in base 7?
13
60 (base 11) to base 7
123
Convert 310 (base 8) to base 5.
1300
What is 30 (base 7) in base 4?
111
What is 14 (base 8) in base 12?
10
Convert 10 (base 9) to base 14.
9
11 (base 3) to base 8
4
Convert -2 (base 5) to base 8.
-2
Convert 156 (base 15) to base 7.
615
Convert 1 (base 8) to base 16.
1
53 (base 10) to base 12
45
What is a2 (base 16) in base 3?
20000
What is -57 (base 10) in base 6?
-133
Convert -11110100 (base 2) to base 11.
-202
What is 0 (base 14) in base 2?
0
31 (base 7) to base 13
19
Convert -51 (base 14) to base 16.
-47
Convert -12 (base 11) to base 14.
-d
Convert 1 (base 10) to base 7.
1
What is 13 (base 11) in base 12?
12
Convert 11 (base 7) to base 12.
8
Convert -43 (base 11) to base 13.
-38
What is -46 (base 10) in base 5?
-141
What is -3 (base 15) in base 8?
-3
Convert 212 (base 3) to base 15.
18
-4 (base 12) to base 8
-4
Convert -100100 (base 2) to base 10.
-36
What is -10222 (base 3) in base 11?
-98
Convert 2 (base 3) to base 14.
2
Convert 0 (base 11) to base 4.
0
What is 1 (base 16) in base 14?
1
0 (base 13) to base 7
0
Convert 34 (base 6) to base 8.
26
-55 (base 10) to base 8
-67
Convert 24 (base 5) to base 16.
e
1152 (base 6) to base 5
2114
-36 (base 9) to base 2
-100001
10 (base 7) to base 16
7
Convert 49 (base 15) to base 7.
126
0 (base 7) to base 2
0
Convert -13 (base 5) to base 9.
-8
Convert -14 (base 13) to base 11.
-16
-2 (base 4) to base 7
-2
-72 (base 11) to base 5
-304
-a7 (base 11) to base 3
-11100
What is 7 (base 15) in base 12?
7
-10 (base 2) to base 10
-2
20 (base 4) to base 14
8
-a (base 15) to base 14
-a
What is 31 (base 6) in base 11?
18
Convert 441 (base 6) to base 16.
a9
-1 (base 11) to base 3
-1
Convert -2220 (base 3) to base 15.
-53
Convert 7 (base 8) to base 14.
7
What is 6 (base 8) in base 13?
6
97 (base 13) to base 12
a4
Convert 32 (base 9) to base 13.
23
Convert -223 (base 8) to base 4.
-2103
Convert -412 (base 5) to base 12.
-8b
301 (base 4) to base 16
31
25 (base 7) to base 15
14
be (base 16) to base 11
163
-110 (base 4) to base 3
-202
-2 (base 13) to base 9
-2
What is 1010 (base 3) in base 4?
132
-4 (base 8) to base 9
-4
What is -3 (base 5) in base 7?
-3
3 (base 9) to base 3
10
-36 (base 9) to base 4
-201
Convert -100 (base 2) to base 11.
-4
What is -12 (base 14) in base 11?
-15
Convert 9b (base 14) to base 8.
211
What is 0 (base 12) in base 9?
0
14 (base 10) to base 7
20
-61 (base 10) to base 2
-111101
2 (base 16) to base 6
2
What is 8 (base 16) in base 12?
8
What is b (base 14) in base 7?
14
Convert -46 (base 10) to base 16.
-2e
243 (base 13) to base 9
476
What is -1 (base 14) in base 5?
-1
What is -1010100 (base 2) in base 9?
-103
What is 1a (base 13) in base 15?
18
-1 (base 14) to base 6
-1
What is 220 (base 4) in base 2?
101000
Convert -111101 (base 2) to base 8.
-75
-2 (base 8) to base 7
-2
-2a (base 15) to base 9
-44
What is 5 (base 10) in base 3?
12
What is -102 (base 12) in base 11?
-123
4 (base 16) to base 11
4
What is -14 (base 13) in base 6?
-25
-23 (base 12) to base 6
-43
Convert 16 (base 12) to base 7.
24
Convert 0 (base 9) to base 15.
0
What is 3 (base 9) in base 13?
3
Convert -1 (base 14) to base 12.
-1
Convert 148 (base 9) to base 12.
a5
Convert 7 (base 13) to base 2.
111
What is a0 (base 11) in base 12?
92
7 (base 13) to base 12
7
What is -17 (base 8) in base 3?
-120
What is 3 (base 6) in base 10?
3
Convert 5 (base 14) to base 16.
5
What is 1 (base 15) in base 10?
1
Convert 202 (base 5) to base 10.
52
2202 (base 3) to base 6
202
Convert -165 (base 10) to base 14.
-bb
-1 (base 12) to base 13
-1
Convert 2 (base 11) to base 3.
2
What is 134 (base 6) in base 7?
112
Convert -5 (base 10) to base 4.
-11
What is -1d (base 14) in base 7?
-36
10 (base 3) to base 15
3
Convert 67 (base 11) to base 2.
1001001
What is 0 (base 4) in base 15?
0
-7 (base 9) to base 6
-11
Convert 4 (base 13) to base 9.
4
What is -1 (base 9) in base 5?
-1
Convert -24 (base 9) to base 12.
-1a
-441 (base 6) to base 9
-207
What is -6 (base 13) in base 4?
-12
162 (base 8) to base 14
82
Convert 222 (base 4) to base 15.
2c
What is -1003 (base 7) in base 2?
-101011010
Convert -b (base 13) to base 16.
-b
-10 (base 9) to base 13
-9
5 (base 14) to base 7
5
101 (base 2) to base 16
5
What is -1001 (base 2) in base 6?
-13
Convert 2 (base 11) to base 5.
2
Convert -230 (base 6) to base 16.
-5a
What is 8 (base 15) in base 3?
22
What is -65 (base 12) in base 13?
-5c
Convert 33 (base 8) to base 4.
123
What is -27 (base 12) in base 8?
-37
Convert 1 (base 6) to base 13.
1
What is 111 (base 4) in base 3?
210
Convert -3 (base 6) to base 9.
-3
What is -4 (base 5) in base 2?
-100
Convert -2 (base 8) to base 2.
-10
-14 (base 10) to base 3
-112
-a (base 11) to base 6
-14
Convert -1e (base 16) to base 8.
-36
What is 4 (base 13) in base 5?
4
1130 (base 6) to base 16
10e
Convert 1 (base 15) to base 7.
1
What is -4 (base 7) in base 11?
-4
6 (base 12) to base 15
6
-102 (base 3) to base 13
-b
-2 (base 8) to base 7
-2
What is 12021 (base 3) in base 5?
1032
What is -3 (base 7) in base 2?
-11
What is -100 (base 2) in base 8?
-4
-1 (base 15) to base 11
-1
What is -100 (base 9) in base 5?
-311
-63 (base 14) to base 13
-69
What is -15 (base 16) in base 7?
-30
What is 0 (base 4) in base 16?
0
What is 32 (base 12) in base 7?
53
3 (base 6) to base 13
3
What is 3 (base 8) in base 9?
3
111 (base 2) to base 14
7
-203 (base 4) to base 6
-55
What is 11 (base 3) in base 7?
4
Convert -100 (base 11) to base 12.
-a1
What is 222 (base 7) in base 15?
79
What is 120 (base 7) in base 9?
70
Convert 3 (base 16) to base 6.
3
Convert 0 (base 10